t is the units digit of 135?
5
What is the units digit of 12825?
5
What is the hundreds digit of 636?
6
What is the hundreds digit of 6708?
7
What is the thousands digit of 1412?
1
What is the hundreds digit of 8946?
9
What is the hundreds digit of 6495?
4
What is the hundreds digit of 20173?
1
What is the tens digit of 32236?
3
What is the tens digit of 481?
8
What is the hundreds digit of 952?
9
What is the units digit of 32423?
3
What is the units digit of 1010?
0
What is the thousands digit of 25346?
5
What is the hundreds digit of 5301?
3
What is the units digit of 19574?
4
What is the units digit of 7356?
6
What is the units digit of 8924?
4
What is the units digit of 3112?
2
What is the thousands digit of 20351?
0
What is the hundreds digit of 543?
5
What is the ten thousands digit of 14476?
1
What is the units digit of 27829?
9
What is the hundreds digit of 2993?
9
What is the tens digit of 3225?
2
What is the units digit of 5169?
9
What is the units digit of 4369?
9
What is the ten thousands digit of 14472?
1
What is the tens digit of 4621?
2
What is the tens digit of 10456?
5
What is the thousands digit of 1470?
1
What is the units digit of 40637?
7
What is the units digit of 8529?
9
What is the thousands digit of 3657?
3
What is the tens digit of 771?
7
What is the units digit of 8820?
0
What is the units digit of 756?
6
What is the units digit of 11265?
5
What is the thousands digit of 23354?
3
What is the thousands digit of 5335?
5
What is the hundreds digit of 223?
2
What is the hundreds digit of 2053?
0
What is the units digit of 8617?
7
What is the units digit of 53?
3
What is the units digit of 10182?
2
What is the tens digit of 1503?
0
What is the thousands digit of 28656?
8
What is the hundreds digit of 1042?
0
What is the units digit of 2314?
4
What is the hundreds digit of 3052?
0
What is the units digit of 4656?
6
What is the tens digit of 2793?
9
What is the hundreds digit of 495?
4
What is the hundreds digit of 839?
8
What is the ten thousands digit of 25477?
2
What is the ten thousands digit of 95370?
9
What is the tens digit of 23445?
4
What is the thousands digit of 15431?
5
What is the hundreds digit of 18367?
3
What is the tens digit of 1337?
3
What is the tens digit of 21384?
8
What is the units digit of 419?
9
What is the tens digit of 2672?
7
What is the tens digit of 9669?
6
What is the thousands digit of 4667?
4
What is the tens digit of 7920?
2
What is the thousands digit of 85061?
5
What is the ten thousands digit of 53984?
5
What is the hundreds digit of 999?
9
What is the tens digit of 3769?
6
What is the hundreds digit of 26522?
5
What is the hundreds digit of 264?
2
What is the thousands digit of 3633?
3
What is the thousands digit of 3641?
3
What is the units digit of 8427?
7
What is the hundreds digit of 571?
5
What is the tens digit of 16965?
6
What is the thousands digit of 2772?
2
What is the hundreds digit of 1013?
0
What is the thousands digit of 53158?
3
What is the hundreds digit of 1031?
0
What is the ten thousands digit of 59490?
5
What is the thousands digit of 4255?
4
What is the thousands digit of 76882?
6
What is the hundreds digit of 5740?
7
What is the tens digit of 2439?
3
What is the tens digit of 2256?
5
What is the units digit of 155817?
7
What is the units digit of 9947?
7
What is the ten thousands digit of 17105?
1
What is the units digit of 10657?
7
What is the units digit of 7514?
4
What is the tens digit of 5244?
4
What is the thousands digit of 57549?
7
What is the tens digit of 162365?
6
What is the ten thousands digit of 70727?
7
What is the units digit of 285?
5
What is the units digit of 79942?
2
What is the hundreds digit of 1138?
1
What is the tens digit of 595?
9
What is the tens digit of 2646?
4
What is the units digit of 10280?
0
What is the thousands digit of 6524?
6
What is the units digit of 106?
6
What is the hundreds digit of 3254?
2
What is the hundreds digit of 89866?
8
What is the hundreds digit of 6832?
8
What is the hundreds digit of 108?
1
What is the units digit of 19596?
6
What is the units digit of 68231?
1
What is the hundreds digit of 4308?
3
What is the hundreds digit of 6998?
9
What is the hundreds digit of 2764?
7
What is the tens digit of 1653?
5
What is the units digit of 2357?
7
What is the tens digit of 162?
6
What is the units digit of 7383?
3
What is the ten thousands digit of 41440?
4
What is the thousands digit of 2554?
2
What is the units digit of 23271?
1
What is the units digit of 16168?
8
What is the hundreds digit of 8786?
7
What is the thousands digit of 9829?
9
What is the hundreds digit of 76409?
4
What is the thousands digit of 11015?
1
What is the units digit of 1086?
6
What is the hundreds digit of 11385?
3
What is the units digit of 93059?
9
What is the tens digit of 5584?
8
What is the units digit of 84011?
1
What is the hundreds digit of 329?
3
What is the units digit of 342?
2
What is the tens digit of 117942?
4
What is the ten thousands digit of 24604?
2
What is the thousands digit of 3415?
3
What is the hundreds digit of 2331?
3
What is the hundreds digit of 2301?
3
What is the tens digit of 3841?
4
What is the units digit of 2262?
2
What is the thousands digit of 16968?
6
What is the hundreds digit of 326?
3
What is the thousands digit of 48057?
8
What is the units digit of 1906?
6
What is the thousands digit of 42623?
2
What is the tens digit of 7951?
5
What is the thousands digit of 41882?
1
What is the thousands digit of 24318?
4
What is the ten thousands digit of 112740?
1
What is the thousands digit of 46154?
6
What is the hundreds digit of 3012?
0
What is the thousands digit of 159128?
9
What is the thousands digit of 2362?
2
What is the tens digit of 4003?
0
What is the units digit of 3466?
6
What is the hundreds digit of 69910?
9
What is the ten thousands digit of 37638?
3
What is the units digit of 325?
5
What is the units digit of 8062?
2
What is the units digit of 9445?
5
What is the tens digit of 6106?
0
What is the tens digit of 4450?
5
What is the units digit of 3672?
2
What is the thousands digit of 10660?
0
What is the tens digit of 1768?
6
What is the units digit of 3412?
2
What is the units digit of 7524?
4
What is the thousands digit of 3150?
3
What is the tens digit of 77310?
1
What is the hundreds digit of 67282?
2
What is the ten thousands digit of 17344?
1
What is the tens digit of 5396?
9
What is the hundreds digit of 684?
6
What is the hundreds digit of 102?
1
What is the tens digit of 25756?
5
What is the units digit of 1550?
0
What is the thousands digit of 2398?
2
What is the units digit of 43855?
5
What is the tens digit of 8012?
1
What is the hundreds digit of 731?
7
What is the tens digit of 36199?
9
What is the units digit of 5822?
2
What is the ten thousands digit of 29959?
2
What is the thousands digit of 2587?
2
What is the units digit of 2262?
2
What is the hundreds digit of 1270?
2
What is the ten thousands digit of 78685?
7
What is the hundreds digit of 78037?
0
What is the hundreds digit of 5480?
4
What is the units digit of 56821?
1
What is the units digit of 5854?
4
What is the hundreds digit of 1705?
7
What is the units digit of 37895?
5
What is the ten thousands digit of 28320?
2
What is the tens digit of 27?
2
What is the thousands digit of 5241?
5
What is the tens digit of 22963?
6
What is the units digit of 1634?
4
What is the hundreds digit of 9188?
1
What is the units digit of 76?
6
What is the hundreds digit of 824?
8
What is the units digit of 1313?
3
What is the hundreds digit of 229?
2
What is the tens digit of 1268?
6
What is the tens digit of 471?
7
What is the hundreds digit of 1236?
2
What is the ten thousands digit of 60430?
6
What is the ten thousands digit of 106462?
0
What is the units digit of 1510?
0
What is the thousands digit of 1925?
1
What is the tens digit of 3386?
8
What is the thousands digit of 32874?
2
What is the units digit of 4618?
8
What is the thousands digit of 2115?
2
What is the tens digit of 2700?
0
What is the tens digit of 7254?
5
What is the hundreds digit of 1349?
3
What is the tens digit of 1681?
8
What is the tens digit of 1213?
1
What is the tens digit of 8091?
9
What is the hundreds digit of 12189?
1
What is the units digit of 16528?